{"id":50522,"date":"2021-03-20T14:16:50","date_gmt":"2021-03-20T12:16:50","guid":{"rendered":"https:\/\/apavivisiem.lv\/?page_id=50522"},"modified":"2022-12-12T12:41:21","modified_gmt":"2022-12-12T10:41:21","slug":"prekiu-grazinimas","status":"publish","type":"page","link":"https:\/\/apavivisiem.lv\/?page_id=50522&lang=lt","title":{"rendered":"PREKI\u0172 GR\u0104\u017dINIMAS"},"content":{"rendered":"\n<h2 class=\"uppercase\">PREKI\u0172 GR\u0104\u017dINIMAS<\/h2>\n\t<div id=\"gap-273845493\" class=\"gap-element clearfix\" style=\"display:block; height:auto;\">\n\t\t\n<style>\n#gap-273845493 {\n  padding-top: 30px;\n}\n<\/style>\n\t<\/div>\n\t\n\n<p>\u0160ios gr\u0105\u017einimo s\u0105lygos galioja tik perkant internetu. Kitais atvejais d\u0117l gr\u0105\u017einimo kreipkit\u0117s \u012f t\u0105 pa\u010di\u0105 parduotuv\u0119, kur pirkote prek\u0119.<\/p>\n<p>J\u016bs turite net 14 dien\u0173 apsispr\u0119sti d\u0117l nupirktos prek\u0117s! Internetu \u012fsigytoms prek\u0117s taikomas 14 dien\u0173 gr\u0105\u017einimo terminas, skai\u010diuojant nuo u\u017esakymo datos.<\/p>\n<p>Pirk\u0117jas padengia internetin\u0117je parduotuv\u0117je \u012fsigyt\u0173 preki\u0173 gr\u0105\u017einimo i\u0161laidas! Prek\u0119 galima gr\u0105\u017einti \u012f <strong>Omniva siunt\u0173 skyri\u0173 Siguldoje Elvi Vidus gatv\u0117s siunt\u0173 pa\u0161te!<\/strong><\/p>\n<p>U\u017e prek\u0119 sumok\u0117ti pinigai bus pervesti \u012f j\u016bs\u0173 nurodyt\u0105 s\u0105skait\u0105 per 14 dien\u0173.<\/p>\n<p>Jei norite gr\u0105\u017einti \u012fsigyt\u0105 prek\u0119, pra\u0161ome susisiekti su mumis:<\/p>\n<p><a href=\"mailto:e-veikals@apavivisiem.lv\">e-veikals@apavivisiem.lv<\/a><\/p>\n<p>SVARBU: gr\u0105\u017einama prek\u0117 negali b\u016bti ne\u0161iota, sugadinta ar kitu b\u016bdu pa\u017eeista. Ji turi b\u016bti su visomis originaliomis etiket\u0117mis ir pakuote. Rekomenduojame atsargiai atidaryti prek\u0117s pakuot\u0119. Gr\u0105\u017einimas galimas tik u\u017epild\u017eius gr\u0105\u017einimo form\u0105 ir tinkamai paruo\u0161us siunt\u0105.<\/p>\n\n","protected":false},"excerpt":{"rendered":"","protected":false},"author":1,"featured_media":0,"parent":0,"menu_order":0,"comment_status":"closed","ping_status":"closed","template":"","meta":{"footnotes":""},"class_list":["post-50522","page","type-page","status-publish","hentry"],"yoast_head":"<!-- This site is optimized with the Yoast SEO plugin v26.6 - https:\/\/yoast.com\/wordpress\/plugins\/seo\/ -->\n<title>PREKI\u0172 GR\u0104\u017dINIMAS - Apavivisiem.lv | Z\u012bmolu apavi. Atlaides l\u012bdz 80%.<\/title>\n<meta name=\"description\" content=\"Apavu interneta veikals. Popul\u0101rie z\u012bmolu. Da\u017e\u0101da veida apavi. Pievilc\u012bgas cenas. Atlaides l\u012bdz 80%. Pieg\u0101de vis\u0101 Latvij\u0101.\" \/>\n<meta name=\"robots\" content=\"index, follow, max-snippet:-1, max-image-preview:large, max-video-preview:-1\" \/>\n<link rel=\"canonical\" href=\"https:\/\/apavivisiem.lv\/?page_id=50522&lang=lt\" \/>\n<meta property=\"og:locale\" content=\"lv_LV\" \/>\n<meta property=\"og:type\" content=\"article\" \/>\n<meta property=\"og:title\" content=\"PREKI\u0172 GR\u0104\u017dINIMAS - Apavivisiem.lv | Z\u012bmolu apavi. Atlaides l\u012bdz 80%.\" \/>\n<meta property=\"og:description\" content=\"Apavu interneta veikals. Popul\u0101rie z\u012bmolu. Da\u017e\u0101da veida apavi. Pievilc\u012bgas cenas. Atlaides l\u012bdz 80%. Pieg\u0101de vis\u0101 Latvij\u0101.\" \/>\n<meta property=\"og:url\" content=\"https:\/\/apavivisiem.lv\/?page_id=50522&amp;lang=lt\" \/>\n<meta property=\"og:site_name\" content=\"Apavu Outlet\" \/>\n<meta property=\"article:publisher\" content=\"https:\/\/www.facebook.com\/apavivisiem\" \/>\n<meta property=\"article:modified_time\" content=\"2022-12-12T10:41:21+00:00\" \/>\n<meta name=\"twitter:card\" content=\"summary_large_image\" \/>\n<meta name=\"twitter:label1\" content=\"Est. reading time\" \/>\n\t<meta name=\"twitter:data1\" content=\"1 min\u016bte\" \/>\n<script type=\"application\/ld+json\" class=\"yoast-schema-graph\">{\"@context\":\"https:\/\/schema.org\",\"@graph\":[{\"@type\":\"WebPage\",\"@id\":\"https:\/\/apavivisiem.lv\/?page_id=50522&lang=lt\",\"url\":\"https:\/\/apavivisiem.lv\/?page_id=50522&lang=lt\",\"name\":\"PREKI\u0172 GR\u0104\u017dINIMAS - Apavivisiem.lv | Z\u012bmolu apavi. Atlaides l\u012bdz 80%.\",\"isPartOf\":{\"@id\":\"https:\/\/apavivisiem.lv\/#website\"},\"datePublished\":\"2021-03-20T12:16:50+00:00\",\"dateModified\":\"2022-12-12T10:41:21+00:00\",\"description\":\"Apavu interneta veikals. Popul\u0101rie z\u012bmolu. Da\u017e\u0101da veida apavi. Pievilc\u012bgas cenas. Atlaides l\u012bdz 80%. Pieg\u0101de vis\u0101 Latvij\u0101.\",\"breadcrumb\":{\"@id\":\"https:\/\/apavivisiem.lv\/?page_id=50522&lang=lt#breadcrumb\"},\"inLanguage\":\"lv-LV\",\"potentialAction\":[{\"@type\":\"ReadAction\",\"target\":[\"https:\/\/apavivisiem.lv\/?page_id=50522&lang=lt\"]}]},{\"@type\":\"BreadcrumbList\",\"@id\":\"https:\/\/apavivisiem.lv\/?page_id=50522&lang=lt#breadcrumb\",\"itemListElement\":[{\"@type\":\"ListItem\",\"position\":1,\"name\":\"Galven\u0101\",\"item\":\"https:\/\/apavivisiem.lv\/en\/\"},{\"@type\":\"ListItem\",\"position\":2,\"name\":\"PREKI\u0172 GR\u0104\u017dINIMAS\"}]},{\"@type\":\"WebSite\",\"@id\":\"https:\/\/apavivisiem.lv\/#website\",\"url\":\"https:\/\/apavivisiem.lv\/\",\"name\":\"Apavu Outlet\",\"description\":\"Popul\u0101ro paz\u012bstamo z\u012bmolu apavi\",\"publisher\":{\"@id\":\"https:\/\/apavivisiem.lv\/#organization\"},\"potentialAction\":[{\"@type\":\"SearchAction\",\"target\":{\"@type\":\"EntryPoint\",\"urlTemplate\":\"https:\/\/apavivisiem.lv\/?s={search_term_string}\"},\"query-input\":{\"@type\":\"PropertyValueSpecification\",\"valueRequired\":true,\"valueName\":\"search_term_string\"}}],\"inLanguage\":\"lv-LV\"},{\"@type\":\"Organization\",\"@id\":\"https:\/\/apavivisiem.lv\/#organization\",\"name\":\"Krist\u012bne RR SIA\",\"url\":\"https:\/\/apavivisiem.lv\/\",\"logo\":{\"@type\":\"ImageObject\",\"inLanguage\":\"lv-LV\",\"@id\":\"https:\/\/apavivisiem.lv\/#\/schema\/logo\/image\/\",\"url\":\"https:\/\/apavivisiem.lv\/wp-content\/uploads\/2021\/03\/logo-main.png\",\"contentUrl\":\"https:\/\/apavivisiem.lv\/wp-content\/uploads\/2021\/03\/logo-main.png\",\"width\":300,\"height\":50,\"caption\":\"Krist\u012bne RR SIA\"},\"image\":{\"@id\":\"https:\/\/apavivisiem.lv\/#\/schema\/logo\/image\/\"},\"sameAs\":[\"https:\/\/www.facebook.com\/apavivisiem\",\"https:\/\/www.instagram.com\/apavivisiem\/\"]}]}<\/script>\n<!-- \/ Yoast SEO plugin. -->","yoast_head_json":{"title":"PREKI\u0172 GR\u0104\u017dINIMAS - Apavivisiem.lv | Z\u012bmolu apavi. Atlaides l\u012bdz 80%.","description":"Apavu interneta veikals. Popul\u0101rie z\u012bmolu. Da\u017e\u0101da veida apavi. Pievilc\u012bgas cenas. Atlaides l\u012bdz 80%. Pieg\u0101de vis\u0101 Latvij\u0101.","robots":{"index":"index","follow":"follow","max-snippet":"max-snippet:-1","max-image-preview":"max-image-preview:large","max-video-preview":"max-video-preview:-1"},"canonical":"https:\/\/apavivisiem.lv\/?page_id=50522&lang=lt","og_locale":"lv_LV","og_type":"article","og_title":"PREKI\u0172 GR\u0104\u017dINIMAS - Apavivisiem.lv | Z\u012bmolu apavi. Atlaides l\u012bdz 80%.","og_description":"Apavu interneta veikals. Popul\u0101rie z\u012bmolu. Da\u017e\u0101da veida apavi. Pievilc\u012bgas cenas. Atlaides l\u012bdz 80%. Pieg\u0101de vis\u0101 Latvij\u0101.","og_url":"https:\/\/apavivisiem.lv\/?page_id=50522&lang=lt","og_site_name":"Apavu Outlet","article_publisher":"https:\/\/www.facebook.com\/apavivisiem","article_modified_time":"2022-12-12T10:41:21+00:00","twitter_card":"summary_large_image","twitter_misc":{"Est. reading time":"1 min\u016bte"},"schema":{"@context":"https:\/\/schema.org","@graph":[{"@type":"WebPage","@id":"https:\/\/apavivisiem.lv\/?page_id=50522&lang=lt","url":"https:\/\/apavivisiem.lv\/?page_id=50522&lang=lt","name":"PREKI\u0172 GR\u0104\u017dINIMAS - Apavivisiem.lv | Z\u012bmolu apavi. Atlaides l\u012bdz 80%.","isPartOf":{"@id":"https:\/\/apavivisiem.lv\/#website"},"datePublished":"2021-03-20T12:16:50+00:00","dateModified":"2022-12-12T10:41:21+00:00","description":"Apavu interneta veikals. Popul\u0101rie z\u012bmolu. Da\u017e\u0101da veida apavi. Pievilc\u012bgas cenas. Atlaides l\u012bdz 80%. Pieg\u0101de vis\u0101 Latvij\u0101.","breadcrumb":{"@id":"https:\/\/apavivisiem.lv\/?page_id=50522&lang=lt#breadcrumb"},"inLanguage":"lv-LV","potentialAction":[{"@type":"ReadAction","target":["https:\/\/apavivisiem.lv\/?page_id=50522&lang=lt"]}]},{"@type":"BreadcrumbList","@id":"https:\/\/apavivisiem.lv\/?page_id=50522&lang=lt#breadcrumb","itemListElement":[{"@type":"ListItem","position":1,"name":"Galven\u0101","item":"https:\/\/apavivisiem.lv\/en\/"},{"@type":"ListItem","position":2,"name":"PREKI\u0172 GR\u0104\u017dINIMAS"}]},{"@type":"WebSite","@id":"https:\/\/apavivisiem.lv\/#website","url":"https:\/\/apavivisiem.lv\/","name":"Apavu Outlet","description":"Popul\u0101ro paz\u012bstamo z\u012bmolu apavi","publisher":{"@id":"https:\/\/apavivisiem.lv\/#organization"},"potentialAction":[{"@type":"SearchAction","target":{"@type":"EntryPoint","urlTemplate":"https:\/\/apavivisiem.lv\/?s={search_term_string}"},"query-input":{"@type":"PropertyValueSpecification","valueRequired":true,"valueName":"search_term_string"}}],"inLanguage":"lv-LV"},{"@type":"Organization","@id":"https:\/\/apavivisiem.lv\/#organization","name":"Krist\u012bne RR SIA","url":"https:\/\/apavivisiem.lv\/","logo":{"@type":"ImageObject","inLanguage":"lv-LV","@id":"https:\/\/apavivisiem.lv\/#\/schema\/logo\/image\/","url":"https:\/\/apavivisiem.lv\/wp-content\/uploads\/2021\/03\/logo-main.png","contentUrl":"https:\/\/apavivisiem.lv\/wp-content\/uploads\/2021\/03\/logo-main.png","width":300,"height":50,"caption":"Krist\u012bne RR SIA"},"image":{"@id":"https:\/\/apavivisiem.lv\/#\/schema\/logo\/image\/"},"sameAs":["https:\/\/www.facebook.com\/apavivisiem","https:\/\/www.instagram.com\/apavivisiem\/"]}]}},"lang":"lt","translations":{"en":42943,"lv":9144,"lt":50522,"et":50601},"pll_sync_post":[],"_links":{"self":[{"href":"https:\/\/apavivisiem.lv\/index.php?rest_route=\/wp\/v2\/pages\/50522","targetHints":{"allow":["GET"]}}],"collection":[{"href":"https:\/\/apavivisiem.lv\/index.php?rest_route=\/wp\/v2\/pages"}],"about":[{"href":"https:\/\/apavivisiem.lv\/index.php?rest_route=\/wp\/v2\/types\/page"}],"author":[{"embeddable":true,"href":"https:\/\/apavivisiem.lv\/index.php?rest_route=\/wp\/v2\/users\/1"}],"replies":[{"embeddable":true,"href":"https:\/\/apavivisiem.lv\/index.php?rest_route=%2Fwp%2Fv2%2Fcomments&post=50522"}],"version-history":[{"count":0,"href":"https:\/\/apavivisiem.lv\/index.php?rest_route=\/wp\/v2\/pages\/50522\/revisions"}],"wp:attachment":[{"href":"https:\/\/apavivisiem.lv\/index.php?rest_route=%2Fwp%2Fv2%2Fmedia&parent=50522"}],"curies":[{"name":"wp","href":"https:\/\/api.w.org\/{rel}","templated":true}]}}