{"id":50596,"date":"2021-03-12T16:02:18","date_gmt":"2021-03-12T14:02:18","guid":{"rendered":"https:\/\/apavivisiem.lv\/?page_id=50596"},"modified":"2022-02-21T15:26:47","modified_gmt":"2022-02-21T13:26:47","slug":"kauba-kohaletoimetamine","status":"publish","type":"page","link":"https:\/\/apavivisiem.lv\/?page_id=50596&lang=et","title":{"rendered":"KAUBA KOHALETOIMETAMINE"},"content":{"rendered":"\n<h2 class=\"uppercase\">KAUBA KOHALETOIMETAMINE<\/h2>\n\n\t<div id=\"gap-231111780\" class=\"gap-element clearfix\" style=\"display:block; height:auto;\">\n\t\t\n<style>\n#gap-231111780 {\n  padding-top: 30px;\n}\n<\/style>\n\t<\/div>\n\t\n\n<p>Meie internetikauplusest kaupa tellides v\u00f5idakse kaup jagada mitme erineva saadetise vahel. Teave vastava saadetiste arvu kohta asub arve \u00fclaosas, paremas servas. Juhul kui saadetised jagatakse mitmeks eraldi saadetiseks ja nende k\u00e4ttetoimetamiseks kasutatakse Omniva pakiautomaati, toimub tasumine iga kauba eest eraldi, kauba k\u00e4ttesaamisel Omniva pakiautomaadist. Kullerilt kauba vastuv\u00f5tmisel toimub tasumine maksekaardiga ja iga saadetise eest eraldi, vastavale kullerile. Juhul kui kohale on toimetatud ainult \u00fcks osa tellimusest, toimetatakse \u00fclej\u00e4\u00e4nud osad kohale hiljem. Saadetiste selline jaotusmehhanism on seotud meie logistikaga.\u00a0<\/p>\n<p><strong>Juhul kui valite kauba k\u00e4ttesaamise kulleriga, on arvet v\u00f5imalik tasuda ainult kauba k\u00e4ttesaamisel ja maksekaardiga Omniva kullerile. Ka Omniva pakiautomaadi kaudu kauba k\u00e4ttesaamisel on v\u00f5imalik tasuda kauba k\u00e4ttesaamise hetkel maksekaardiga.<\/strong><\/p>\n<p><strong>Kauba k\u00e4ttesaamisel kauplusest<\/strong><\/p>\n<p>50,00\u20ac \u00fcletava tellimuse korral kohaletoimetamine tasuta.<\/p>\n<p>Saadetiste saatmine toimub esmasp\u00e4evast reedeni kella 15:00-19:00.<\/p>\n<p>Kaup toimetatakse kohale tellimuse vormistamise ajal v\u00e4ljavalitud tarneviisi kasutades:<\/p>\n<ul>\n<li>Omniva kaudu \u2013 3-5 t\u00f6\u00f6p\u00e4eva jooksul (tarne toimub ka laup\u00e4eviti)<\/li>\n<\/ul>\n<p>Kaup toimetatakse Kliendile, tellimuse vormistamisel n\u00e4idatud aadressile.<\/p>\n<p style=\"background: white; margin: 0cm 0cm 15.6pt 0cm;\"><span lang=\"ET\" style=\"font-size: 11.0pt;\">On v\u00f5imalik valida 2-e, kauba kohaletoimetamise viisi vahel:<\/span><\/p>\n<ul>\n<li>\n<p>Omniva posti- ehk pakiautomaaditerminalid \u2013 3,50 \u20ac;<\/p>\n<\/li>\n<\/ul>\n<ul>\n<li>Kauba k\u00e4ttesaamisel Omniva postiterminali pakiautomaadi kaudu tuleb sms-ga saadud kood sisestada terminali puutetundlikule ekraanile, mille j\u00e4rel avanevad kapikese uksed ja saadetise saab v\u00e4lja v\u00f5tta. Saadetisi hoitakse pakiautomaadis 7 p\u00e4eva alates sms-i saatmisest Teie telefoninumbrile. Juhul kui saadetist 7 p\u00e4eva jooksul v\u00e4lja ei v\u00f5eta, saadetakse see tagasi m\u00fc\u00fcjale. Tagastatud saadetist on v\u00f5imalik k\u00e4tte saada postikulude korduval tasumisel.<\/li>\n<\/ul>\n<ul>\n<li>\n<p>Kauba k\u00e4ttesaamisel Omniva kullerteenuse kaudu saate kohaletoimetamise p\u00e4eval sms-i tellimuses n\u00e4idatud telefoninumbrile. Juhul kui saadetist 3 p\u00e4eva jooksul saajale \u00fcle ei anta, saadetakse see tagasi m\u00fc\u00fcjale. Tagastatud saadetist on v\u00f5imalik k\u00e4tte saada postikulude korduval tasumisel.<\/p>\n<\/li>\n<li><strong>Pane t\u00e4hele!<\/strong>\u00a0\u201cCovid-19\u201d leviku t\u00f5kestamisega seoses riigis kehtiva eriolukorra t\u00f5ttu saab kullerile maksta vaid maksekaardiga!<\/li>\n<li>Juhul kui tellija n\u00e4itab kauba saajana \u00e4ra kolmanda isiku (n\u00e4iteks kingituse saaja), l\u00e4hevad kauba saaja \u00f5igused ja vastutus kauba kahjustuste ja\/v\u00f5i kaotamise eest (p\u00e4rast kauba k\u00e4ttesaamist kullerilt) \u00fcle vastavale kolmandale isikule. Jalatsikauplus ei saa t\u00fchistada tellimust p\u00e4rast seda, kui Klient on kauba k\u00e4tte saanud (see t\u00e4hendab seda, et kauba tagastamise korral 14 p\u00e4eva jooksul p\u00e4rast selle k\u00e4ttesaamist, postikulusid ei kompenseerita).<\/li>\n<\/ul>\n<p><strong>KAHJUSTUS JA\/V\u00d5I MITTEVASTAVUS<\/strong><\/p>\n<ul>\n<li>Me vaatame hoolikalt \u00fcle iga saadetise enne selle v\u00e4ljastamist meie laost.\u00a0\u00a0<\/li>\n<li>Juhul kui Te olete saanud kahjustatud saadetise, palume:<br \/>\n<ul>\n<li>Helistada meile telefonil + 371 29433728 (t\u00f6\u00f6p\u00e4eviti kella 8:30-16:30)<\/li>\n<li>v\u00f5i kirjutada e-posti aadressil:\u00a0<strong>e-veikals@kristinerr.lv<\/strong>\u00a0<\/li>\n<\/ul>\n<\/li>\n<li>V\u00e4iksemad saadetise pakendi kahjustused on v\u00f5imalikud ja see on normaalne, kuid juhul kui kahjustused on m\u00e4rkimisv\u00e4\u00e4rsed, palume toimida j\u00e4rgmiselt:<br \/>\n<ul>\n<li><strong>Juhul kui saadetise pakend on m\u00e4rkimisv\u00e4\u00e4rselt kahjustatud<\/strong>, palume avada pakend ja kontrollida tellitud kauba seisundit kulleri juuresolekul. Juhul kui kaup ise on korras, v\u00f5tke see vastu ja kirjutage alla, kuid tehke arvele v\u00f5i \u00fcksk\u00f5ik millisele muule tellitud kauba k\u00e4ttesaamist t\u00f5endavale dokumendile m\u00e4rge kahjustuste kohta.<\/li>\n<li><strong>Juhul kui konstateerisite p\u00e4rast pakendi avamist, et kaup on kahjustatud\u00a0<\/strong>\u2013 on Teil \u00f5igus kaubast loobuda. Sel juhul koostage kulleri juuresolekul vabas vormis akt kaubal avastatud kahjustuste kohta ja\u00a0<strong>v\u00f5tke meiega kohe \u00fchendust!<\/strong>\u00a0\u00a0<\/li>\n<li>Meie Klienditeenindusosakonnaga kontakteerudes nimetage palun oma tellimuse number, nimi, perekonnanimi ja saadetise number (kogu vastav teave on saadetud Teie e-posti aadressile ning \u00e4ra toodud ka saadetise pakendil).<\/li>\n<\/ul>\n<\/li>\n<li>Niipea kui oleme tagasisaadetud kauba k\u00e4tte saanud, teeme k\u00f5ik v\u00f5imaliku Teile ostusumma v\u00f5imalikult kiireks tagastamiseks. Tavaliselt kantakse rahalised vahendid tagastatud kauba eest kliendi pangaarvele 14 p\u00e4eva jooksul kauba tagastamise kinnitamise hetkest, s\u00f5ltuvalt kliendi panga poliitikast, kuid mitte hiljem kui 30 p\u00e4eva jooksul alates tagastatud kauba vastuv\u00f5tmise hetkest SIA \u201eKrist\u012bne RR\u201d laos.<\/li>\n<\/ul>\n<p><strong>KUIDAS J\u00c4LGIDA OMA TELLIMUST<\/strong><\/p>\n<ul>\n<li>Oma tellimust saate alati j\u00e4lgida jaotises\u00a0<strong>Minu tellimused<\/strong>.<\/li>\n<\/ul>\n<p style=\"font-weight: 400;\">Niipea kui Teie tellimus on komplekteeritud ja meie laost v\u00e4lja saadetud, saate Te e-postiga teate, et tellitud kaup on teel.<\/p>\n\n","protected":false},"excerpt":{"rendered":"","protected":false},"author":1,"featured_media":0,"parent":0,"menu_order":0,"comment_status":"closed","ping_status":"closed","template":"","meta":{"footnotes":""},"class_list":["post-50596","page","type-page","status-publish","hentry"],"yoast_head":"<!-- This site is optimized with the Yoast SEO plugin v26.6 - https:\/\/yoast.com\/wordpress\/plugins\/seo\/ -->\n<title>KAUBA KOHALETOIMETAMINE - Apavivisiem.lv | Branded shoe outlet. Discounts up to 80%.<\/title>\n<meta name=\"description\" content=\"Ieg\u0101d\u0101jies apavus internet\u0101. Pla\u0161a izv\u0113le. Popul\u0101rie z\u012bmoli. Pieg\u0101d\u0101j\u0101m vis\u0101 Latvij\u0101. Pievilc\u012bgas cenas. Atlaides apaviem l\u012bdz 80%!Buy shoes online. Wide selection. Popular brands. We deliver all over Latvia. Affordable prices. Discounts on shoes up to 80%!\" \/>\n<meta name=\"robots\" content=\"index, follow, max-snippet:-1, max-image-preview:large, max-video-preview:-1\" \/>\n<link rel=\"canonical\" href=\"https:\/\/apavivisiem.lv\/?page_id=50596&lang=et\" \/>\n<meta property=\"og:locale\" content=\"lv_LV\" \/>\n<meta property=\"og:type\" content=\"article\" \/>\n<meta property=\"og:title\" content=\"KAUBA KOHALETOIMETAMINE - Apavivisiem.lv | Branded shoe outlet. Discounts up to 80%.\" \/>\n<meta property=\"og:description\" content=\"Ieg\u0101d\u0101jies apavus internet\u0101. Pla\u0161a izv\u0113le. Popul\u0101rie z\u012bmoli. Pieg\u0101d\u0101j\u0101m vis\u0101 Latvij\u0101. Pievilc\u012bgas cenas. Atlaides apaviem l\u012bdz 80%!Buy shoes online. Wide selection. Popular brands. We deliver all over Latvia. Affordable prices. Discounts on shoes up to 80%!\" \/>\n<meta property=\"og:url\" content=\"https:\/\/apavivisiem.lv\/?page_id=50596&amp;lang=et\" \/>\n<meta property=\"og:site_name\" content=\"Apavu Outlet\" \/>\n<meta property=\"article:publisher\" content=\"https:\/\/www.facebook.com\/apavivisiem\" \/>\n<meta property=\"article:modified_time\" content=\"2022-02-21T13:26:47+00:00\" \/>\n<meta name=\"twitter:card\" content=\"summary_large_image\" \/>\n<meta name=\"twitter:label1\" content=\"Est. reading time\" \/>\n\t<meta name=\"twitter:data1\" content=\"5 min\u016btes\" \/>\n<script type=\"application\/ld+json\" class=\"yoast-schema-graph\">{\"@context\":\"https:\/\/schema.org\",\"@graph\":[{\"@type\":\"WebPage\",\"@id\":\"https:\/\/apavivisiem.lv\/?page_id=50596&lang=et\",\"url\":\"https:\/\/apavivisiem.lv\/?page_id=50596&lang=et\",\"name\":\"KAUBA KOHALETOIMETAMINE - Apavivisiem.lv | Branded shoe outlet. Discounts up to 80%.\",\"isPartOf\":{\"@id\":\"https:\/\/apavivisiem.lv\/#website\"},\"datePublished\":\"2021-03-12T14:02:18+00:00\",\"dateModified\":\"2022-02-21T13:26:47+00:00\",\"description\":\"Ieg\u0101d\u0101jies apavus internet\u0101. Pla\u0161a izv\u0113le. Popul\u0101rie z\u012bmoli. Pieg\u0101d\u0101j\u0101m vis\u0101 Latvij\u0101. Pievilc\u012bgas cenas. Atlaides apaviem l\u012bdz 80%!Buy shoes online. Wide selection. Popular brands. We deliver all over Latvia. Affordable prices. Discounts on shoes up to 80%!\",\"breadcrumb\":{\"@id\":\"https:\/\/apavivisiem.lv\/?page_id=50596&lang=et#breadcrumb\"},\"inLanguage\":\"lv-LV\",\"potentialAction\":[{\"@type\":\"ReadAction\",\"target\":[\"https:\/\/apavivisiem.lv\/?page_id=50596&lang=et\"]}]},{\"@type\":\"BreadcrumbList\",\"@id\":\"https:\/\/apavivisiem.lv\/?page_id=50596&lang=et#breadcrumb\",\"itemListElement\":[{\"@type\":\"ListItem\",\"position\":1,\"name\":\"Galven\u0101\",\"item\":\"https:\/\/apavivisiem.lv\/en\/\"},{\"@type\":\"ListItem\",\"position\":2,\"name\":\"KAUBA KOHALETOIMETAMINE\"}]},{\"@type\":\"WebSite\",\"@id\":\"https:\/\/apavivisiem.lv\/#website\",\"url\":\"https:\/\/apavivisiem.lv\/\",\"name\":\"Apavu Outlet\",\"description\":\"Popul\u0101ro paz\u012bstamo z\u012bmolu apavi\",\"publisher\":{\"@id\":\"https:\/\/apavivisiem.lv\/#organization\"},\"potentialAction\":[{\"@type\":\"SearchAction\",\"target\":{\"@type\":\"EntryPoint\",\"urlTemplate\":\"https:\/\/apavivisiem.lv\/?s={search_term_string}\"},\"query-input\":{\"@type\":\"PropertyValueSpecification\",\"valueRequired\":true,\"valueName\":\"search_term_string\"}}],\"inLanguage\":\"lv-LV\"},{\"@type\":\"Organization\",\"@id\":\"https:\/\/apavivisiem.lv\/#organization\",\"name\":\"Krist\u012bne RR SIA\",\"url\":\"https:\/\/apavivisiem.lv\/\",\"logo\":{\"@type\":\"ImageObject\",\"inLanguage\":\"lv-LV\",\"@id\":\"https:\/\/apavivisiem.lv\/#\/schema\/logo\/image\/\",\"url\":\"https:\/\/apavivisiem.lv\/wp-content\/uploads\/2021\/03\/logo-main.png\",\"contentUrl\":\"https:\/\/apavivisiem.lv\/wp-content\/uploads\/2021\/03\/logo-main.png\",\"width\":300,\"height\":50,\"caption\":\"Krist\u012bne RR SIA\"},\"image\":{\"@id\":\"https:\/\/apavivisiem.lv\/#\/schema\/logo\/image\/\"},\"sameAs\":[\"https:\/\/www.facebook.com\/apavivisiem\",\"https:\/\/www.instagram.com\/apavivisiem\/\"]}]}<\/script>\n<!-- \/ Yoast SEO plugin. -->","yoast_head_json":{"title":"KAUBA KOHALETOIMETAMINE - Apavivisiem.lv | Branded shoe outlet. Discounts up to 80%.","description":"Ieg\u0101d\u0101jies apavus internet\u0101. Pla\u0161a izv\u0113le. Popul\u0101rie z\u012bmoli. Pieg\u0101d\u0101j\u0101m vis\u0101 Latvij\u0101. Pievilc\u012bgas cenas. Atlaides apaviem l\u012bdz 80%!Buy shoes online. Wide selection. Popular brands. We deliver all over Latvia. Affordable prices. Discounts on shoes up to 80%!","robots":{"index":"index","follow":"follow","max-snippet":"max-snippet:-1","max-image-preview":"max-image-preview:large","max-video-preview":"max-video-preview:-1"},"canonical":"https:\/\/apavivisiem.lv\/?page_id=50596&lang=et","og_locale":"lv_LV","og_type":"article","og_title":"KAUBA KOHALETOIMETAMINE - Apavivisiem.lv | Branded shoe outlet. Discounts up to 80%.","og_description":"Ieg\u0101d\u0101jies apavus internet\u0101. Pla\u0161a izv\u0113le. Popul\u0101rie z\u012bmoli. Pieg\u0101d\u0101j\u0101m vis\u0101 Latvij\u0101. Pievilc\u012bgas cenas. Atlaides apaviem l\u012bdz 80%!Buy shoes online. Wide selection. Popular brands. We deliver all over Latvia. Affordable prices. Discounts on shoes up to 80%!","og_url":"https:\/\/apavivisiem.lv\/?page_id=50596&lang=et","og_site_name":"Apavu Outlet","article_publisher":"https:\/\/www.facebook.com\/apavivisiem","article_modified_time":"2022-02-21T13:26:47+00:00","twitter_card":"summary_large_image","twitter_misc":{"Est. reading time":"5 min\u016btes"},"schema":{"@context":"https:\/\/schema.org","@graph":[{"@type":"WebPage","@id":"https:\/\/apavivisiem.lv\/?page_id=50596&lang=et","url":"https:\/\/apavivisiem.lv\/?page_id=50596&lang=et","name":"KAUBA KOHALETOIMETAMINE - Apavivisiem.lv | Branded shoe outlet. Discounts up to 80%.","isPartOf":{"@id":"https:\/\/apavivisiem.lv\/#website"},"datePublished":"2021-03-12T14:02:18+00:00","dateModified":"2022-02-21T13:26:47+00:00","description":"Ieg\u0101d\u0101jies apavus internet\u0101. Pla\u0161a izv\u0113le. Popul\u0101rie z\u012bmoli. Pieg\u0101d\u0101j\u0101m vis\u0101 Latvij\u0101. Pievilc\u012bgas cenas. Atlaides apaviem l\u012bdz 80%!Buy shoes online. Wide selection. Popular brands. We deliver all over Latvia. Affordable prices. Discounts on shoes up to 80%!","breadcrumb":{"@id":"https:\/\/apavivisiem.lv\/?page_id=50596&lang=et#breadcrumb"},"inLanguage":"lv-LV","potentialAction":[{"@type":"ReadAction","target":["https:\/\/apavivisiem.lv\/?page_id=50596&lang=et"]}]},{"@type":"BreadcrumbList","@id":"https:\/\/apavivisiem.lv\/?page_id=50596&lang=et#breadcrumb","itemListElement":[{"@type":"ListItem","position":1,"name":"Galven\u0101","item":"https:\/\/apavivisiem.lv\/en\/"},{"@type":"ListItem","position":2,"name":"KAUBA KOHALETOIMETAMINE"}]},{"@type":"WebSite","@id":"https:\/\/apavivisiem.lv\/#website","url":"https:\/\/apavivisiem.lv\/","name":"Apavu Outlet","description":"Popul\u0101ro paz\u012bstamo z\u012bmolu apavi","publisher":{"@id":"https:\/\/apavivisiem.lv\/#organization"},"potentialAction":[{"@type":"SearchAction","target":{"@type":"EntryPoint","urlTemplate":"https:\/\/apavivisiem.lv\/?s={search_term_string}"},"query-input":{"@type":"PropertyValueSpecification","valueRequired":true,"valueName":"search_term_string"}}],"inLanguage":"lv-LV"},{"@type":"Organization","@id":"https:\/\/apavivisiem.lv\/#organization","name":"Krist\u012bne RR SIA","url":"https:\/\/apavivisiem.lv\/","logo":{"@type":"ImageObject","inLanguage":"lv-LV","@id":"https:\/\/apavivisiem.lv\/#\/schema\/logo\/image\/","url":"https:\/\/apavivisiem.lv\/wp-content\/uploads\/2021\/03\/logo-main.png","contentUrl":"https:\/\/apavivisiem.lv\/wp-content\/uploads\/2021\/03\/logo-main.png","width":300,"height":50,"caption":"Krist\u012bne RR SIA"},"image":{"@id":"https:\/\/apavivisiem.lv\/#\/schema\/logo\/image\/"},"sameAs":["https:\/\/www.facebook.com\/apavivisiem","https:\/\/www.instagram.com\/apavivisiem\/"]}]}},"lang":"et","translations":{"en":42933,"lv":313,"lt":50515,"et":50596},"pll_sync_post":[],"_links":{"self":[{"href":"https:\/\/apavivisiem.lv\/index.php?rest_route=\/wp\/v2\/pages\/50596","targetHints":{"allow":["GET"]}}],"collection":[{"href":"https:\/\/apavivisiem.lv\/index.php?rest_route=\/wp\/v2\/pages"}],"about":[{"href":"https:\/\/apavivisiem.lv\/index.php?rest_route=\/wp\/v2\/types\/page"}],"author":[{"embeddable":true,"href":"https:\/\/apavivisiem.lv\/index.php?rest_route=\/wp\/v2\/users\/1"}],"replies":[{"embeddable":true,"href":"https:\/\/apavivisiem.lv\/index.php?rest_route=%2Fwp%2Fv2%2Fcomments&post=50596"}],"version-history":[{"count":0,"href":"https:\/\/apavivisiem.lv\/index.php?rest_route=\/wp\/v2\/pages\/50596\/revisions"}],"wp:attachment":[{"href":"https:\/\/apavivisiem.lv\/index.php?rest_route=%2Fwp%2Fv2%2Fmedia&parent=50596"}],"curies":[{"name":"wp","href":"https:\/\/api.w.org\/{rel}","templated":true}]}}